{"id":21,"date":"2021-03-10T19:06:31","date_gmt":"2021-03-10T19:06:31","guid":{"rendered":"http:\/\/www.jsemtuprotebe.cz\/?page_id=21"},"modified":"2025-10-18T19:06:23","modified_gmt":"2025-10-18T17:06:23","slug":"domu","status":"publish","type":"page","link":"https:\/\/www.jsemtuprotebe.cz\/","title":{"rendered":"Eva Ko\u0161t\u00far"},"content":{"rendered":"\n<p id=\"<iframe-width=&quot;560&quot;-height=&quot;315&quot;-src=&quot;https:\/\/www.youtube.com\/embed\/eZhBhZbphEA?si=8KbLYjAp6pVFSvvI&quot;-title=&quot;YouTube-video-player&quot;-frameborder=&quot;0&quot;-allow=&quot;accelerometer;-autoplay;-clipboard-write;-encrypted-media;-gyroscope;-picture-in-picture;-web-share&quot;-referrerpolicy=&quot;strict-origin-when-cross-origin&quot;-allowfullscreen&gt;<\/iframe&gt;\"><\/p>\n\n\n\n<h2 class=\"wp-block-heading\">\ud83e\uddd1\u200d\u2696\ufe0f Jsem pr\u00e1vni\u010dka a body-psychoterapeutka<\/h2>\n\n\n\n<p><br>Na prvn\u00ed pohled to m\u016f\u017ee zn\u00edt jako nesourod\u00e9 spojen\u00ed, ale pro m\u011b maj\u00ed tyto dv\u011b profese spole\u010dn\u00fd z\u00e1klad: lidskou d\u016fstojnost.<\/p>\n\n\n\n<p>V pr\u00e1vu je lidsk\u00e1 d\u016fstojnost jednou ze z\u00e1kladn\u00edch \u00fastavn\u00edch hodnot \u2013 n\u011bco, co mus\u00ed b\u00fdt chr\u00e1n\u011bno a respektov\u00e1no. V terapii vn\u00edm\u00e1m d\u016fstojnost jako n\u011bco, co \u010dasto pot\u0159ebujeme znovu objevit a obnovit.<\/p>\n\n\n\n<p>Kdy\u017e za\u017e\u00edv\u00e1me psychick\u00e9 nebo fyzick\u00e9 obt\u00ed\u017ee, trauma, ztr\u00e1tu nebo dlouhodob\u00fd stres, m\u016f\u017eeme ztratit spojen\u00ed se svou hodnotou a sebed\u016fv\u011brou. C\u00edlem terapeutick\u00e9 pr\u00e1ce je toto spojen\u00ed op\u011bt nav\u00e1zat \u2013 navr\u00e1tit \u010dlov\u011bku vnit\u0159n\u00ed klid, s\u00edlu a pocit, \u017ee je v po\u0159\u00e1dku takov\u00fd, jak\u00fd je.<\/p>\n\n\n\n<h2 class=\"wp-block-heading\">\ud83c\udf31 P\u0159ich\u00e1z\u00edm s celostn\u00edm p\u0159\u00edstupem k du\u0161evn\u00ed i t\u011blesn\u00e9 pohod\u011b<\/h2>\n\n\n\n<p><br>Propojuji psychoterapii zam\u011b\u0159enou na t\u011blo s nejnov\u011bj\u0161\u00edmi poznatky o fungov\u00e1n\u00ed nervov\u00e9ho syst\u00e9mu, v\u00fdvojovou psychologi\u00ed a modern\u00ed postklasickou homeopati\u00ed (Opelkova metoda). Ta navazuje na klasick\u00e9 principy, ale z\u00e1rove\u0148 reflektuje aktu\u00e1ln\u00ed v\u00fdvoj v oblasti psychosomatiky a celostn\u00ed medic\u00edny.<\/p>\n\n\n\n<p>Vytv\u00e1\u0159\u00edm pro klienty bezpe\u010dn\u00fd a d\u016fv\u011brn\u00fd prostor, aby se mohli c\u00edtit skute\u010dn\u011b vysly\u0161eni, p\u0159ijati a sami sebou. Respektuji tempo a jedine\u010dn\u00fd p\u0159\u00edb\u011bh \u2013 bez n\u00e1tlaku, bez hodnocen\u00ed. V terapii pracuji se slovem, p\u0159edstavivost\u00ed, t\u011blesn\u00fdmi pro\u017eitky i dotekem (p\u0159es oble\u010den\u00ed). Homeopatick\u00e1 l\u00e9\u010dba pak jemn\u011b podporuje uvoln\u011bn\u00ed symptom\u016f, kter\u00e9 t\u011blo a psychika nesou \u2013 \u010dasto u\u017e od ran\u00e9ho d\u011btstv\u00ed.<\/p>\n\n\n\n<h2 class=\"wp-block-heading\">\ud83e\udde0 Pracuji s t\u00e9maty, o kter\u00fdch se nemluv\u00ed<\/h2>\n\n\n\n<p><br>U\u017e jako pr\u00e1vn\u00edk jsem se v\u011bnovala sexu\u00e1ln\u00edmu n\u00e1sil\u00ed na \u017een\u00e1ch, destigmatizaci osob se zku\u0161enost\u00ed s du\u0161evn\u00edm onemocn\u011bn\u00edm nebo restorativn\u00ed spravedlnosti, tj. \u0159e\u0161en\u00ed konfliktu skrze pravdu a usm\u00ed\u0159en\u00ed.<\/p>\n\n\n\n<p>D\u00e1le pom\u00e1h\u00e1m klient\u016fm, kte\u0159\u00ed za\u017eili psychickou z\u00e1t\u011b\u017e v ran\u00e9m v\u00fdvoji \u2013 nap\u0159\u00edklad p\u0159i\u0161li na sv\u011bt c\u00edsa\u0159sk\u00fdm \u0159ezem, byli po\u010dati po p\u0159edchoz\u00edm potratu (postabortivn\u00ed trauma), narodili se s mizej\u00edc\u00edm dvoj\u010detem, byli v inkub\u00e1toru nebo se narodili po um\u011bl\u00e9m oplodn\u011bn\u00ed.<\/p>\n\n\n\n<p>Podporuji tak\u00e9 klienty, kte\u0159\u00ed proch\u00e1zej\u00ed ztr\u00e1tou bl\u00edzk\u00e9 osoby, rozchodem nebo t\u011b\u017ek\u00fdm obdob\u00edm truchlen\u00ed.<\/p>\n\n\n\n<p>Tyto zku\u0161enosti se mohou projevit jako \u00fazkosti, deprese nebo t\u011blesn\u00e9 pot\u00ed\u017ee, pro kter\u00e9 \u010dasto neexistuje jasn\u00e9 l\u00e9ka\u0159sk\u00e9 vysv\u011btlen\u00ed \u2013 nap\u0159. bolesti, \u00fanava, probl\u00e9my s tr\u00e1ven\u00edm. T\u011blo tak nese z\u00e1t\u011b\u017e, kterou psychika je\u0161t\u011b nezpracovala.<\/p>\n\n\n\n<p>\ud83e\udd1d Pokud c\u00edt\u00edte, \u017ee bych v\u00e1m mohla b\u00fdt n\u00e1pomocn\u00e1 ozv\u011bte se mi.<\/p>\n\n\n\n<p><\/p>\n\n\n\n<p class=\"has-text-align-center\"><\/p>\n\n\n\n<p class=\"has-text-align-center\"><\/p>\n","protected":false},"excerpt":{"rendered":"<p>\ud83e\uddd1\u200d\u2696\ufe0f Jsem pr\u00e1vni\u010dka a body-psychoterapeutka Na prvn\u00ed pohled to m\u016f\u017ee zn\u00edt jako nesourod\u00e9 spojen\u00ed, ale pro m\u011b maj\u00ed tyto dv\u011b profese spole\u010dn\u00fd z\u00e1klad: lidskou d\u016fstojnost. V pr\u00e1vu je lidsk\u00e1 d\u016fstojnost jednou ze z\u00e1kladn\u00edch \u00fastavn\u00edch hodnot \u2013 n\u011bco, co mus\u00ed b\u00fdt chr\u00e1n\u011bno a respektov\u00e1no. V terapii vn\u00edm\u00e1m d\u016fstojnost jako n\u011bco, co \u010dasto pot\u0159ebujeme znovu objevit a &hellip; <\/p>\n<p class=\"link-more\"><a href=\"https:\/\/www.jsemtuprotebe.cz\/\" class=\"more-link\">Pokra\u010dovat ve \u010dten\u00ed<span class=\"screen-reader-text\"> &#8222;Eva Ko\u0161t\u00far&#8220;<\/span><\/a><\/p>\n","protected":false},"author":1,"featured_media":0,"parent":0,"menu_order":0,"comment_status":"closed","ping_status":"closed","template":"","meta":{"footnotes":""},"class_list":["post-21","page","type-page","status-publish","hentry"],"_links":{"self":[{"href":"https:\/\/www.jsemtuprotebe.cz\/index.php\/wp-json\/wp\/v2\/pages\/21","targetHints":{"allow":["GET"]}}],"collection":[{"href":"https:\/\/www.jsemtuprotebe.cz\/index.php\/wp-json\/wp\/v2\/pages"}],"about":[{"href":"https:\/\/www.jsemtuprotebe.cz\/index.php\/wp-json\/wp\/v2\/types\/page"}],"author":[{"embeddable":true,"href":"https:\/\/www.jsemtuprotebe.cz\/index.php\/wp-json\/wp\/v2\/users\/1"}],"replies":[{"embeddable":true,"href":"https:\/\/www.jsemtuprotebe.cz\/index.php\/wp-json\/wp\/v2\/comments?post=21"}],"version-history":[{"count":115,"href":"https:\/\/www.jsemtuprotebe.cz\/index.php\/wp-json\/wp\/v2\/pages\/21\/revisions"}],"predecessor-version":[{"id":1358,"href":"https:\/\/www.jsemtuprotebe.cz\/index.php\/wp-json\/wp\/v2\/pages\/21\/revisions\/1358"}],"wp:attachment":[{"href":"https:\/\/www.jsemtuprotebe.cz\/index.php\/wp-json\/wp\/v2\/media?parent=21"}],"curies":[{"name":"wp","href":"https:\/\/api.w.org\/{rel}","templated":true}]}}

Eva Koštúr

<p id="<iframe-width=&quot;560&quot;-height=&quot;315&quot;-src=&quot;https://www.youtube.com/embed/eZhBhZbphEA?si=8KbLYjAp6pVFSvvI&quot;-title=&quot;YouTube-video-player&quot;-frameborder=&quot;0&quot;-allow=&quot;accelerometer;-autoplay;-clipboard-write;-encrypted-media;-gyroscope;-picture-in-picture;-web-share&quot;-referrerpolicy=&quot;strict-origin-when-cross-origin&quot;-allowfullscreen&gt;</iframe&gt;"></p>



<h2 class="wp-block-heading">🧑‍⚖️ Jsem právnička a body-psychoterapeutka</h2>



<p><br>Na první pohled to může znít jako nesourodé spojení, ale pro mě mají tyto dvě profese společný základ: lidskou důstojnost.</p>



<p>V právu je lidská důstojnost jednou ze základních ústavních hodnot – něco, co musí být chráněno a respektováno. V terapii vnímám důstojnost jako něco, co často potřebujeme znovu objevit a obnovit.</p>



<p>Když zažíváme psychické nebo fyzické obtíže, trauma, ztrátu nebo dlouhodobý stres, můžeme ztratit spojení se svou hodnotou a sebedůvěrou. Cílem terapeutické práce je toto spojení opět navázat – navrátit člověku vnitřní klid, sílu a pocit, že je v pořádku takový, jaký je.</p>



<h2 class="wp-block-heading">🌱 Přicházím s celostním přístupem k duševní i tělesné pohodě</h2>



<p><br>Propojuji psychoterapii zaměřenou na tělo s nejnovějšími poznatky o fungování nervového systému, vývojovou psychologií a moderní postklasickou homeopatií (Opelkova metoda). Ta navazuje na klasické principy, ale zároveň reflektuje aktuální vývoj v oblasti psychosomatiky a celostní medicíny.</p>



<p>Vytvářím pro klienty bezpečný a důvěrný prostor, aby se mohli cítit skutečně vyslyšeni, přijati a sami sebou. Respektuji tempo a jedinečný příběh – bez nátlaku, bez hodnocení. V terapii pracuji se slovem, představivostí, tělesnými prožitky i dotekem (přes oblečení). Homeopatická léčba pak jemně podporuje uvolnění symptomů, které tělo a psychika nesou – často už od raného dětství.</p>



<h2 class="wp-block-heading">🧠 Pracuji s tématy, o kterých se nemluví</h2>



<p><br>Už jako právník jsem se věnovala sexuálnímu násilí na ženách, destigmatizaci osob se zkušeností s duševním onemocněním nebo restorativní spravedlnosti, tj. řešení konfliktu skrze pravdu a usmíření.</p>



<p>Dále pomáhám klientům, kteří zažili psychickou zátěž v raném vývoji – například přišli na svět císařským řezem, byli počati po předchozím potratu (postabortivní trauma), narodili se s mizejícím dvojčetem, byli v inkubátoru nebo se narodili po umělém oplodnění.</p>



<p>Podporuji také klienty, kteří procházejí ztrátou blízké osoby, rozchodem nebo těžkým obdobím truchlení.</p>



<p>Tyto zkušenosti se mohou projevit jako úzkosti, deprese nebo tělesné potíže, pro které často neexistuje jasné lékařské vysvětlení – např. bolesti, únava, problémy s trávením. Tělo tak nese zátěž, kterou psychika ještě nezpracovala.</p>



<p>🤝 Pokud cítíte, že bych vám mohla být nápomocná ozvěte se mi.</p>



<p></p>



<p class="has-text-align-center"></p>



<p class="has-text-align-center"></p>

<p>🧑‍⚖️ Jsem právnička a body-psychoterapeutka Na první pohled to může znít jako nesourodé spojení, ale pro mě mají tyto dvě profese společný základ: lidskou důstojnost. V právu je lidská důstojnost jednou ze základních ústavních hodnot – něco, co musí být chráněno a respektováno. V terapii vnímám důstojnost jako něco, co často potřebujeme znovu objevit a &hellip; </p>
<p class="link-more"><a href="https://www.jsemtuprotebe.cz/" class="more-link">Pokračovat ve čtení<span class="screen-reader-text"> &#8222;Eva Koštúr&#8220;</span></a></p>
