{"id":23,"date":"2021-03-10T19:06:31","date_gmt":"2021-03-10T19:06:31","guid":{"rendered":"http:\/\/www.jsemtuprotebe.cz\/?page_id=23"},"modified":"2025-10-18T18:48:43","modified_gmt":"2025-10-18T16:48:43","slug":"kontakt","status":"publish","type":"page","link":"https:\/\/www.jsemtuprotebe.cz\/index.php\/kontakt\/","title":{"rendered":"Kontakt"},"content":{"rendered":"\n<div class=\"wp-block-columns is-layout-flex wp-container-core-columns-is-layout-9d6595d7 wp-block-columns-is-layout-flex\">\n<div class=\"wp-block-column is-layout-flow wp-block-column-is-layout-flow\" style=\"flex-basis:100%\">\n<p>Mgr. Bc. <strong>Eva Ko\u0161t\u00far<\/strong><\/p>\n\n\n\n<p>R\u016f\u017eov\u00e1 15<\/p>\n\n\n\n<p>Praha<\/p>\n\n\n\n<div class=\"wp-block-columns is-layout-flex wp-container-core-columns-is-layout-9d6595d7 wp-block-columns-is-layout-flex\">\n<div class=\"wp-block-column is-vertically-aligned-center is-layout-flow wp-block-column-is-layout-flow\" style=\"flex-basis:100%\">\n<div class=\"wp-block-group\"><div class=\"wp-block-group__inner-container is-layout-flow wp-block-group-is-layout-flow\">\n<p class=\"has-text-align-left has-white-color has-cyan-bluish-gray-background-color has-text-color has-background\"><\/p>\n\n\n\n<p><\/p>\n\n\n\n<p>M: +420 607 133 460&nbsp;<\/p>\n\n\n\n<p>E: <a href=\"mailto:sochorova.eva@gmail.com\">ev.kostur@gmail.com<\/a><\/p>\n\n\n\n<p>I\u010cO: 11750928<\/p>\n<\/div><\/div>\n\n\n\n<p><\/p>\n<\/div>\n<\/div>\n<\/div>\n<\/div>\n\n\n\n<p><\/p>\n\n\n\n<p>Inzeruji tak\u00e9 na <a rel=\"noreferrer noopener\" href=\"https:\/\/www.letacek.cz\/\" data-type=\"URL\" data-id=\"https:\/\/www.letacek.cz\/\" target=\"_blank\">www.letacek.cz<\/a><\/p>\n\n\n\n<p><\/p>\n\n\n\n<p><\/p>\n\n\n\n<p class=\"has-text-align-center\"><\/p>\n","protected":false},"excerpt":{"rendered":"<p>Mgr. Bc. Eva Ko\u0161t\u00far R\u016f\u017eov\u00e1 15 Praha M: +420 607 133 460&nbsp; E: ev.kostur@gmail.com I\u010cO: 11750928 Inzeruji tak\u00e9 na www.letacek.cz<\/p>\n","protected":false},"author":1,"featured_media":0,"parent":0,"menu_order":0,"comment_status":"closed","ping_status":"closed","template":"","meta":{"footnotes":""},"class_list":["post-23","page","type-page","status-publish","hentry"],"_links":{"self":[{"href":"https:\/\/www.jsemtuprotebe.cz\/index.php\/wp-json\/wp\/v2\/pages\/23","targetHints":{"allow":["GET"]}}],"collection":[{"href":"https:\/\/www.jsemtuprotebe.cz\/index.php\/wp-json\/wp\/v2\/pages"}],"about":[{"href":"https:\/\/www.jsemtuprotebe.cz\/index.php\/wp-json\/wp\/v2\/types\/page"}],"author":[{"embeddable":true,"href":"https:\/\/www.jsemtuprotebe.cz\/index.php\/wp-json\/wp\/v2\/users\/1"}],"replies":[{"embeddable":true,"href":"https:\/\/www.jsemtuprotebe.cz\/index.php\/wp-json\/wp\/v2\/comments?post=23"}],"version-history":[{"count":39,"href":"https:\/\/www.jsemtuprotebe.cz\/index.php\/wp-json\/wp\/v2\/pages\/23\/revisions"}],"predecessor-version":[{"id":1350,"href":"https:\/\/www.jsemtuprotebe.cz\/index.php\/wp-json\/wp\/v2\/pages\/23\/revisions\/1350"}],"wp:attachment":[{"href":"https:\/\/www.jsemtuprotebe.cz\/index.php\/wp-json\/wp\/v2\/media?parent=23"}],"curies":[{"name":"wp","href":"https:\/\/api.w.org\/{rel}","templated":true}]}}